ne u(48).
-58
Let f(j) = -4*j**2 + 26*j + 33. What is f(8)?
-15
Let g(i) = i**2 + 19*i - 185. Give g(-26).
-3
Let q(m) = -74*m - 1000. Calculate q(-14).
36
Let v(q) = -11*q**3 + 4*q**2 - 6*q + 12. Determine v(2).
-72
Let g(b) = -b**2 - 35*b + 95. Give g(-38).
-19
Let g(r) = -r**2 - 139*r - 4687. Determine g(-58).
11
Let j(w) = 1379*w - 2758. Give j(2).
0
Let v(d) = -8*d**2 - 174*d - 1030. Determine v(-6).
-274
Let i(t) = -t**3 + 48*t**2 - 282*t - 200. Give i(41).
5
Let m(x) = -112*x - 789. Give m(-7).
-5
Let u(r) = r**3 - 145*r**2 + 429*r - 419. Determine u(142).
7
Let s(c) = c**2 - 67*c + 1193. Determine s(42).
143
Let t(i) = -i**3 + 5*i**2 - 35*i + 237. Determine t(6).
-9
Let v(l) = 325*l - 29283. Calculate v(90).
-33
Let w(p) = p**3 - 18*p**2 + 27*p + 59. What is w(16)?
-21
Let c(n) = 6*n**2 + 71*n + 251. What is c(-6)?
41
Let u(a) = -2*a. Calculate u(-21).
42
Let a(x) = -346*x + 61. Calculate a(1).
-285
Let j(y) = 116*y**2 + 231*y + 230. Determine j(-1).
115
Let l(q) = -112*q + 574. Calculate l(5).
14
Let h(f) = -f**3 - 38*f**2 + 37*f - 57. Calculate h(-39).
21
Let s(q) = 7*q**3 + 37*q**2 + 72*q + 1. Determine s(-2).
-51
Let j(k) = -k**3 - 9*k**2 - 4*k + 36. Determine j(-8).
4
Let c(x) = -4*x**3 + 140*x**2 + x - 34. Determine c(35).
1
Let a(r) = 5095*r - 122275. Calculate a(24).
5
Let c(t) = 31*t + 728. Calculate c(-26).
-78
Let r(k) = k**3 - 3*k**2 + 3*k - 64. What is r(0)?
-64
Let s(r) = -r**3 + 39*r**2 - 340*r + 55. What is s(26)?
3
Let s(r) = 5061*r - 30359. Give s(6).
7
Let r(x) = 5*x**2 - 358*x - 94. Calculate r(72).
50
Let d(x) = 2*x**3 + 21*x**2 - 138*x - 43. Determine d(-15).
2
Let o(p) = 293*p - 1158. What is o(4)?
14
Let t(j) = -233*j**2 + 33*j - 32. Calculate t(1).
-232
Let v(h) = -941*h + 13169. Calculate v(14).
-5
Let t(q) = -39*q + 495. Give t(5).
300
Let j(k) = -k**2 + 147*k + 133349. Give j(-299).
-5
Let j(m) = -m**2 - 9*m + 5. What is j(5)?
-65
Let b(z) = 2*z**3 - 28*z**2 + 81*z + 28. Calculate b(10).
38
Let n(j) = -2*j**2 - 3*j - 222. What is n(0)?
-222
Let f(t) = -3*t**2 + 4*t - 33. Determine f(0).
-33
Let h(o) = -o**3 + 75*o**2 - 470*o - 235. Give h(68).
173
Let s(c) = 5*c + 41. Give s(68).
381
Let t(k) = 11*k**2 - 5*k - 2. Determine t(2).
32
Let q(a) = -2*a**2 - 37*a - 131. Give q(-11).
34
Let f(s) = -56*s + 902. Determine f(16).
6
Let r(k) = k**2 + 27*k - 279. What is r(8)?
1
Let i(m) = 3*m**3 + 184*m**2 - 116*m + 331. Calculate i(-62).
-165
Let h(o) = -8*o + 46. Give h(-10).
126
Let i(p) = -50*p - 5339. Calculate i(-107).
11
Let m(h) = 8*h**3 - 10*h**2 + h + 6. Calculate m(-3).
-303
Let d(b) = b**3 - 8*b**2 + 5*b + 15. Calculate d(7).
1
Let t(u) = u**3 - 7*u**2 - 112*u + 480. Give t(4).
-16
Let r(f) = -f**3 + 20*f**2 + 2*f - 37. Determine r(20).
3
Let n(w) = 49*w + 2079. Give n(-44).
-77
Let f(d) = -d**3 + 9*d**2 + 24*d - 184. Calculate f(10).
-44
Let f(s) = s**3 + 148*s**2 - 40*s - 5918. Calculate f(-148).
2
Let g(j) = -2*j**2 - 129*j - 516. What is g(-4)?
-32
Let g(h) = 34*h - 361. Calculate g(11).
13
Let g(x) = -x**3 - 26*x**2 - 38*x + 109. Calculate g(-24).
-131
Let q(p) = 918*p - 5504. Calculate q(6).
4
Let w(p) = p**3 + 4*p**2 + 26*p - 48. Give w(2).
28
Let r(x) = 15*x**2 - 14*x + 21. What is r(2)?
53
Let b(n) = -2*n**3 + 5*n**2 + 115*n + 7. Give b(9).
-11
Let u(w) = -1289*w - 92826. Determine u(-72).
-18
Let d(h) = -13*h**2 - 42*h + 1. What is d(-3)?
10
Let y(n) = -6*n**2 - 63*n + 719. What is y(7)?
-16
Let g(s) = -330*s + 38945. Calculate g(118).
5
Let u(n) = -12*n - 24. Determine u(-11).
108
Let j(n) = -2*n - 71. Determine j(-37).
3
Let c(a) = 60*a - 5711. What is c(95)?
-11
Let x(h) = -37*h**2 - 75*h + 8. Give x(2).
-290
Let p(m) = 24*m**2 + 62*m + 2. Calculate p(-2).
-26
Let r(u) = -u**3 - 73*u**2 + 599*u + 3115. Give r(-80).
-5
Let f(h) = 32*h**2 + 374*h - 54. What is f(-11)?
-296
Let s(a) = a**3 + 9*a**2 - 82*a + 121. Give s(-15).
1
Let c(k) = -46*k + 2868. What is c(64)?
-76
Let i(o) = 28*o + 1262. Calculate i(-44).
30
Let i(m) = 35*m - 673. What is i(19)?
-8
Let x(t) = 2*t**2 - 67*t - 920. Determine x(-22).
1522
Let o(j) = 95*j - 19293. What is o(203)?
-8
Let l(z) = -159*z + 783. What is l(5)?
-12
Let r(g) = g**3 + 4*g**2 + 48. Calculate r(-6).
-24
Let v(p) = -2*p**2 + 206*p + 13. Give v(103).
13
Let o(y) = -y**3 - 60*y**2 - 510*y - 108. What is o(-10)?
-8
Let a(u) = -u**3 - 12*u**2 - 21*u - 102. Give a(-11).
8
Let s(d) = 164*d - 491. Determine s(3).
1
Let m(a) = 10*a**2 - 649*a + 583. Calculate m(64).
7
Let h(y) = -2*y**3 + 44*y**2 - 39*y - 68. What is h(21)?
-5
Let b(h) = h**3 - 73*h**2 + 209*h - 75. Determine b(70).
-145
Let n(z) = -69*z**2 + 9*z + 16. Calculate n(2).
-242
Let s(y) = 6*y**3 - 84*y**2 - 8*y + 88. Calculate s(14).
-24
Let c(p) = -3*p**2 + 113*p - 886. Give c(11).
-6
Let j(c) = 2*c**2 - 5*c + 20. What is j(7)?
83
Let h(q) = q**2 - 13*q - 130. What is h(-8)?
38
Let u(k) = -2*k**3 - 46*k**2 - 85*k + 3. Determine u(-21).
24
Let c(n) = -n**3 - 17*n**2 + 25*n - 44. Give c(-19).
203
Let t(m) = -538*m + 8050. Give t(15).
-20
Let z(o) = o**2 - 37*o - 593. Determine z(-13).
57
Let n(r) = 16236*r + 32474. Determine n(-2).
2
Let r(a) = 1397*a - 4186. Give r(3).
5
Let u(l) = 845*l - 1690. What is u(2)?
0
Let s(v) = v**3 - 10*v**2 + v - 15. Give s(9).
-87
Let i(u) = 2*u**2 - 108*u - 450. Determine i(58).
14
Let v(s) = 2*s**3 + 20*s**2 - 34*s - 296. Calculate v(-10).
44
Let q(j) = -j**3 + 44*j**2 - 112*j + 4957. What is q(44)?
29
Let g(y) = -2*y**2 - 71*y + 37. Calculate g(-35).
72
Let x(a) = -9*a**2 + 31*a - 10. Give x(3).
2
Let r(m) = 2*m**2 + 265*m + 1587. Calculate r(-6).
69
Let j(k) = 7276*k + 87312. What is j(-12)?
0
Let d(q) = -55*q + 243. What is d(4)?
23
Let r(t) = t**2 - 178*t + 4447. What is r(30)?
7
Let z(j) = -24*j**2 + 559*j + 395. What is z(24)?
-13
Let h(r) = r**2 - 652*r - 3261. Determine h(-5).
24
Let b(v) = -v**2 + 38*v + 1162. What is b(58)?
2
Let i(l) = 6*l**2 + 19*l - 40. Give i(-4).
-20
Let x(z) = z**3 - 11*z**2 - 28*z + 13. Calculate x(12).
-179
Let f(b) = 15*b - 18. Calculate f(-24).
-378
Let r(y) = -2*y**3 + 81*y**2 - 190*y + 16. Give r(38).
16
Let b(p) = -p**3 - 17*p**2 - 25*p - 151. Determine b(-18).
623
Let y(r) = -r**2 - 61*r - 305. Give y(-6).
25
Let v(x) = x**2 + 618*x + 51375. Determine v(-99).
-6
Let r(l) = 84*l - 1882. Give r(23).
50
Let h(x) = x**3 - x**2 + x + 278. Determine h(0).
278
Let j(d) = -d**3 - 4*d**2 - 7*d - 36. Determine j(-5).
24
Let n(m) = -m**3 + 57*m**2 - 4*m + 234. What is n(57)?
6
Let z(j) = -j**3 - 95*j**2 - 1556*j - 1. What is z(-74)?
147
Let f(x) = x**3 + 9*x**2 + 97*x + 701. Give f(-8).
-11
Let d(j) = 3*j**2 - 6*j - 182. Give d(10).
58
Let m(v) = -v**3 + 14*v**2 - 29*v + 8. Determine m(2).
-2
Let g(i) = -24*i - 3. Determine g(0).
-3
Let r(z) = 2*z**2 - 13*z - 19. Give r(-2).
15
Let a(h) = -h**3 - 7*h**2 + 16*h + 112. Give a(-7).
0
Let k(h) = -5*h**3 - 2*h**2 + h + 1. Calculate k(-1).
3
Let k(h) = 255*h + 4356. Calculate k(-17).
21
Let l(h) = 456*h - 2722. Calculate l(6).
14
Let y(u) = u**3 - 67*u**2 - 274*u + 27. Calculate y(-4).
-13
Let i(o) = 11*o**3 + 51*o**2 + 55*o + 4. Calculate i(-1).
-11
Let w(j) = -j**2 + 13*j + 131. Calculate w(-7).
-9
Let x(p) = p**2 - 1738*p + 69585. Calculate x(41).
8
Let r(q) = 2*q**2 - 160*q + 2989. What is r(50)?
-11
Let j(r) = -r**3 - 3*r**2 - 14*r - 45. Determine j(-7).
249
Let t(s) = -2*s**2 + 26*s + 131. Calculate t(-10).
-329
Let q(v) = 2*v**3 + 2*v**2 - 14*v - 11. Calculate q(-3).
-5
Let u(k) = 63*k + 2403. Give u(-38).
9
Let u(h) = -3*h**2 + 30*h + 21. What is u(18)?
-411
Let d(o) = -308*o - 1599. Determine d(-5).
-59
Let a(c) = 41*c - 30. What is a(6)?
216
Let l(b) = 173*b**3 - 2*b**2 + 9*b + 10. Give l(-1).
-174
Let f(c) = -c**3 + 17*c**2 - 46*c + 21. What is f(4)?
45
Let m(l) = 2*l**2 - 355*l + 12585. Calculate m(49).
-8
Let k(t) = t**2 + 72*t - 820. Determine k(10).
0
Let y(u) = -u**3 + 7*u**2 - 13*u + 2. Determine y(2).
-4
Let o(l) = l**2 - 2*l - 14. Determine o(-4).
10
Let o(f) = f**3 - 12*f**2 + 22*f - 52. Calculate o(11).
69
Let b(j) = -j**2 + 10*j - 25. Give b(5).
0
Let b(r) = r**2 + 1196*r - 4802. Determine b(4).
-2
Let x(j) = 6*j**2 - 15*j - 8. What is x(-8)?
496
Let s(u) = -45101*u + 5. What is s(0)?
5
Let b(u) = -5*u**3 - 20*u**2 + 4*u - 17. What is b(-4)?
-33
Let v(t) = -479*t - 7577.